of 774813?
8
What is the tens digit of 155563?
6
What is the tens digit of 6607238?
3
What is the tens digit of 1099493?
9
What is the tens digit of 601638?
3
What is the units digit of 331973?
3
What is the hundred thousands digit of 3206759?
2
What is the ten thousands digit of 294242?
9
What is the millions digit of 1034053?
1
What is the ten thousands digit of 65906?
6
What is the hundreds digit of 680820?
8
What is the units digit of 3004079?
9
What is the hundreds digit of 355348?
3
What is the millions digit of 9645468?
9
What is the units digit of 312720?
0
What is the ten thousands digit of 30271?
3
What is the thousands digit of 202351?
2
What is the ten thousands digit of 357576?
5
What is the units digit of 6582735?
5
What is the thousands digit of 44568?
4
What is the ten thousands digit of 159459?
5
What is the ten thousands digit of 104957?
0
What is the ten thousands digit of 292806?
9
What is the thousands digit of 346535?
6
What is the hundreds digit of 415354?
3
What is the units digit of 4298284?
4
What is the ten thousands digit of 7937379?
3
What is the thousands digit of 6030032?
0
What is the thousands digit of 6468352?
8
What is the ten millions digit of 15932583?
1
What is the ten millions digit of 24667692?
2
What is the ten thousands digit of 155770?
5
What is the units digit of 410236?
6
What is the millions digit of 9728277?
9
What is the hundreds digit of 70018?
0
What is the units digit of 16849?
9
What is the units digit of 115620?
0
What is the tens digit of 1032746?
4
What is the thousands digit of 173152?
3
What is the hundred thousands digit of 636623?
6
What is the thousands digit of 18938209?
8
What is the ten millions digit of 14702569?
1
What is the thousands digit of 2035575?
5
What is the hundreds digit of 220067?
0
What is the thousands digit of 300633?
0
What is the tens digit of 897793?
9
What is the units digit of 256328?
8
What is the millions digit of 35618947?
5
What is the millions digit of 7749295?
7
What is the hundreds digit of 376897?
8
What is the tens digit of 268585?
8
What is the tens digit of 9833?
3
What is the thousands digit of 642150?
2
What is the hundreds digit of 743128?
1
What is the units digit of 1246940?
0
What is the ten thousands digit of 325976?
2
What is the thousands digit of 4629557?
9
What is the tens digit of 229016?
1
What is the units digit of 44526091?
1
What is the hundreds digit of 249016?
0
What is the tens digit of 1623176?
7
What is the hundred thousands digit of 271522?
2
What is the ten thousands digit of 278558?
7
What is the units digit of 5469311?
1
What is the thousands digit of 368429?
8
What is the tens digit of 200909?
0
What is the hundreds digit of 264318?
3
What is the tens digit of 3406800?
0
What is the millions digit of 7991635?
7
What is the units digit of 26272?
2
What is the ten millions digit of 36372573?
3
What is the hundreds digit of 6871062?
0
What is the hundreds digit of 3689846?
8
What is the units digit of 1519940?
0
What is the tens digit of 11387674?
7
What is the thousands digit of 1821679?
1
What is the ten thousands digit of 18446166?
4
What is the millions digit of 4518689?
4
What is the hundreds digit of 1827697?
6
What is the units digit of 270372?
2
What is the tens digit of 1840483?
8
What is the hundreds digit of 444843?
8
What is the thousands digit of 14707171?
7
What is the hundreds digit of 148752?
7
What is the tens digit of 4121487?
8
What is the units digit of 321037?
7
What is the thousands digit of 1385252?
5
What is the units digit of 363917?
7
What is the ten thousands digit of 87029?
8
What is the millions digit of 11742739?
1
What is the ten thousands digit of 3703755?
0
What is the ten thousands digit of 3261562?
6
What is the hundreds digit of 125416?
4
What is the thousands digit of 344682?
4
What is the hundred thousands digit of 1170366?
1
What is the ten thousands digit of 268061?
6
What is the hundreds digit of 5373421?
4
What is the hundreds digit of 1533099?
0
What is the units digit of 1287747?
7
What is the tens digit of 130481?
8
What is the hundreds digit of 4017458?
4
What is the tens digit of 14479?
7
What is the hundred thousands digit of 922212?
9
What is the hundred thousands digit of 126809?
1
What is the tens digit of 10390206?
0
What is the thousands digit of 9613197?
3
What is the hundred thousands digit of 1515807?
5
What is the tens digit of 2059784?
8
What is the units digit of 341177?
7
What is the ten thousands digit of 339596?
3
What is the hundred thousands digit of 20047824?
0
What is the hundred thousands digit of 7295470?
2
What is the units digit of 3448776?
6
What is the hundred thousands digit of 3191199?
1
What is the thousands digit of 145100?
5
What is the tens digit of 14248132?
3
What is the thousands digit of 6543298?
3
What is the hundreds digit of 862355?
3
What is the millions digit of 1040178?
1
What is the ten thousands digit of 177747?
7
What is the millions digit of 1666343?
1
What is the units digit of 667996?
6
What is the hundred thousands digit of 776114?
7
What is the units digit of 348704?
4
What is the millions digit of 1047121?
1
What is the ten millions digit of 35087040?
3
What is the hundreds digit of 109054?
0
What is the hundreds digit of 525157?
1
What is the tens digit of 4460113?
1
What is the thousands digit of 4928640?
8
What is the hundreds digit of 12600575?
5
What is the units digit of 2369460?
0
What is the hundred thousands digit of 387073?
3
What is the tens digit of 2091595?
9
What is the millions digit of 2142190?
2
What is the millions digit of 1867381?
1
What is the ten thousands digit of 2145510?
4
What is the millions digit of 6074349?
6
What is the millions digit of 2644041?
2
What is the units digit of 114785?
5
What is the tens digit of 2912472?
7
What is the ten thousands digit of 2496132?
9
What is the hundreds digit of 495583?
5
What is the ten thousands digit of 850970?
5
What is the tens digit of 344617?
1
What is the hundreds digit of 449008?
0
What is the hundred thousands digit of 16872974?
8
What is the hundred thousands digit of 1004735?
0
What is the millions digit of 4383399?
4
What is the units digit of 4817791?
1
What is the thousands digit of 6491?
6
What is the tens digit of 1028717?
1
What is the ten thousands digit of 1945026?
4
What is the thousands digit of 12623714?
3
What is the ten thousands digit of 14959618?
5
What is the hundreds digit of 2828494?
4
What is the ten thousands digit of 573522?
7
What is the hundred thousands digit of 364803?
3
What is the units digit of 96521?
1
What is the hundreds digit of 544012?
0
What is the tens digit of 4813212?
1
What is the thousands digit of 10645102?
5
What is the hundreds digit of 4450251?
2
What is the ten thousands digit of 6518159?
1
What is the millions digit of 5632733?
5
What is the hundred thousands digit of 244558?
2
What is the ten thousands digit of 2201458?
0
What is the hundred thousands digit of 1291645?
2
What is the ten thousands digit of 93209?
9
What is the thousands digit of 361713?
1
What is the millions digit of 2450584?
2
What is the hundreds digit of 207092?
0
What is the hundreds digit of 289987?
9
What is the thousands digit of 611352?
1
What is the hundreds digit of 8726010?
0
What is the tens digit of 1187310?
1
What is the hundreds digit of 128876?
8
What is the millions digit of 11322176?
1
What is the thousands digit of 150102?
0
What is the tens digit of 243030?
3
What is the units digit of 593725?
5
What is the ten millions digit of 16458676?
1
What is the units digit of 619145?
5
What is the hundreds digit of 1493128?
1
What is the thousands digit of 313113?
3
What is the ten thousands digit of 139450?
3
What is the thousands digit of 833348?
3
What is the hundreds digit of 131779?
7
What is the hundred thousands digit of 7637492?
6
What is the units digit of 1576060?
0
What is the units digit of 4740364?
4
What is the units digit of 35322?
2
What is the hundreds digit of 733401?
4
What is the millions digit of 2271667?
2
What is the millions digit of 3728507?
3
What is the ten millions digit of 34179983?
3
What is the ten thousands digit of 53510?
5
What is the units digit of 2666991?
1
What is the millions digit of 852967